2) to base 3.
-11
Convert -2 (base 14) to base 13.
-2
Convert 2 (base 9) to base 12.
2
What is 4 (base 8) in base 4?
10
Convert 100 (base 11) to base 6.
321
15 (base 9) to base 10
14
Convert 1 (base 8) to base 10.
1
-11 (base 15) to base 14
-12
Convert 3 (base 9) to base 2.
11
What is 3130 (base 4) in base 5?
1340
2 (base 12) to base 11
2
5 (base 16) to base 5
10
What is -22 (base 3) in base 4?
-20
Convert 0 (base 3) to base 16.
0
-11 (base 2) to base 15
-3
What is -b1 (base 16) in base 14?
-c9
Convert -15 (base 13) to base 4.
-102
What is 241 (base 7) in base 15?
87
Convert -1100 (base 2) to base 3.
-110
2 (base 3) to base 6
2
3 (base 5) to base 11
3
What is 2 (base 12) in base 7?
2
What is 3a (base 16) in base 10?
58
What is -6 (base 12) in base 16?
-6
What is -160 (base 7) in base 10?
-91
What is 25 (base 14) in base 11?
30
What is 13 (base 4) in base 2?
111
71 (base 8) to base 16
39
Convert -6 (base 15) to base 5.
-11
22220 (base 3) to base 8
360
What is -10 (base 13) in base 14?
-d
3 (base 13) to base 2
11
Convert -2b (base 15) to base 8.
-51
What is -12 (base 3) in base 6?
-5
Convert -101 (base 4) to base 13.
-14
What is -155 (base 11) in base 9?
-221
What is 10112 (base 4) in base 9?
338
Convert -4 (base 5) to base 14.
-4
-10 (base 2) to base 15
-2
Convert 4 (base 16) to base 15.
4
Convert -5 (base 14) to base 7.
-5
Convert -3 (base 11) to base 7.
-3
What is 2 (base 6) in base 5?
2
4 (base 5) to base 6
4
What is 214 (base 5) in base 8?
73
-1010101 (base 2) to base 15
-5a
What is 6 (base 13) in base 6?
10
Convert 18 (base 9) to base 8.
21
What is -27 (base 11) in base 12?
-25
2 (base 13) to base 16
2
What is -5 (base 7) in base 13?
-5
24 (base 8) to base 3
202
47 (base 8) to base 15
29
What is -16 (base 7) in base 12?
-11
-3 (base 7) to base 12
-3
-11110000 (base 2) to base 6
-1040
What is 4 (base 16) in base 13?
4
-5 (base 10) to base 8
-5
-3 (base 6) to base 4
-3
What is 33 (base 11) in base 7?
51
-100001 (base 2) to base 11
-30
What is -6 (base 13) in base 11?
-6
Convert -148 (base 12) to base 13.
-125
1 (base 9) to base 6
1
What is -14 (base 12) in base 7?
-22
What is -9f (base 16) in base 10?
-159
Convert 36 (base 10) to base 8.
44
What is 2 (base 8) in base 15?
2
Convert 10 (base 12) to base 2.
1100
e4 (base 15) to base 16
d6
Convert 3 (base 12) to base 9.
3
Convert 210 (base 3) to base 7.
30
-2 (base 13) to base 10
-2
What is -12 (base 13) in base 7?
-21
1a1 (base 13) to base 14
176
Convert 4 (base 6) to base 16.
4
Convert -b (base 13) to base 2.
-1011
Convert -3 (base 15) to base 16.
-3
-73 (base 12) to base 16
-57
What is -2 (base 3) in base 12?
-2
Convert -76 (base 12) to base 13.
-6c
Convert -3 (base 4) to base 13.
-3
What is -4c (base 16) in base 13?
-5b
Convert 10112 (base 3) to base 12.
7b
Convert -3 (base 14) to base 7.
-3
11 (base 11) to base 13
c
Convert -10001011 (base 2) to base 16.
-8b
-5 (base 6) to base 14
-5
Convert -12 (base 16) to base 11.
-17
Convert -25 (base 7) to base 12.
-17
What is -1 (base 6) in base 10?
-1
Convert 24 (base 14) to base 2.
100000
Convert 3 (base 11) to base 10.
3
Convert 33 (base 13) to base 2.
101010
Convert -1122 (base 3) to base 5.
-134
What is -6b (base 16) in base 6?
-255
Convert 6 (base 12) to base 5.
11
What is 2 (base 11) in base 15?
2
Convert 11 (base 3) to base 10.
4
-1 (base 11) to base 7
-1
112 (base 10) to base 2
1110000
What is 16 (base 11) in base 6?
25
What is 203 (base 4) in base 9?
38
Convert -1 (base 4) to base 11.
-1
Convert 6 (base 13) to base 6.
10
Convert -200 (base 4) to base 5.
-112
What is -3 (base 11) in base 8?
-3
What is -334 (base 7) in base 12?
-124
Convert 62 (base 7) to base 15.
2e
3 (base 9) to base 15
3
3 (base 12) to base 6
3
What is 7 (base 9) in base 13?
7
Convert 0 (base 8) to base 11.
0
What is -2 (base 13) in base 7?
-2
What is 2011 (base 4) in base 12?
b1
Convert cb (base 13) to base 11.
142
What is 13 (base 13) in base 9?
17
Convert 11001 (base 2) to base 4.
121
What is -12 (base 9) in base 6?
-15
78 (base 10) to base 12
66
Convert -18 (base 10) to base 15.
-13
What is 3 (base 8) in base 11?
3
7 (base 10) to base 2
111
-4 (base 8) to base 12
-4
9 (base 11) to base 5
14
Convert 0 (base 7) to base 14.
0
1 (base 8) to base 15
1
What is -1 (base 2) in base 9?
-1
Convert -87 (base 11) to base 5.
-340
What is -2 (base 3) in base 13?
-2
Convert 0 (base 6) to base 13.
0
Convert 0 (base 13) to base 9.
0
What is -1000100 (base 2) in base 7?
-125
What is -2 (base 12) in base 3?
-2
Convert 5a (base 11) to base 14.
49
-544 (base 8) to base 5
-2411
Convert -27 (base 13) to base 4.
-201
-288 (base 9) to base 5
-1432
Convert -109 (base 15) to base 13.
-150
What is 32 (base 4) in base 16?
e
1011 (base 2) to base 10
11
Convert -1 (base 5) to base 15.
-1
Convert -145 (base 7) to base 8.
-122
-10b (base 12) to base 4
-2123
What is -4 (base 5) in base 10?
-4
-2 (base 12) to base 11
-2
What is -401 (base 6) in base 8?
-221
Convert -20 (base 7) to base 14.
-10
0 (base 9) to base 11
0
What is 466 (base 7) in base 12?
184
What is 413 (base 5) in base 9?
130
What is 5 (base 8) in base 9?
5
What is -15 (base 11) in base 7?
-22
What is 5 (base 8) in base 16?
5
-b (base 14) to base 6
-15
Convert -2 (base 5) to base 13.
-2
What is 13 (base 16) in base 5?
34
What is -11 (base 5) in base 12?
-6
Convert -20 (base 12) to base 16.
-18
What is -4 (base 12) in base 2?
-100
What is 22 (base 6) in base 16?
e
Convert 120 (base 5) to base 7.
50
Convert -21 (base 5) to base 9.
-12
What is -1 (base 5) in base 2?
-1
Convert -331 (base 8) to base 11.
-188
14 (base 8) to base 4
30
What is 153 (base 16) in base 15?
179
Convert 24 (base 11) to base 6.
42
-40 (base 5) to base 4
-110
-1001001 (base 2) to base 7
-133
-9 (base 14) to base 7
-12
-100000 (base 2) to base 4
-200
Convert 3 (base 13) to base 5.
3
What is -10 (base 4) in base 11?
-4
16 (base 7) to base 6
21
48 (base 12) to base 5
211
What is 34 (base 7) in base 5?
100
Convert 7 (base 8) to base 2.
111
-1 (base 11) to base 7
-1
What is 3 (base 5) in base 13?
3
141 (base 7) to base 3
2220
What is -6 (base 14) in base 7?
-6
Convert 430 (base 10) to base 13.
271
What is 3 (base 9) in base 4?
3
14 (base 5) to base 14
9
2 (base 11) to base 5
2
What is -83 (base 13) in base 14?
-79
What is -2012 (base 3) in base 5?
-214
What is -4 (base 11) in base 16?
-4
-1 (base 13) to base 7
-1
Convert -5 (base 6) to base 5.
-10
Convert -7 (base 8) to base 11.
-7
1c (base 15) to base 7
36
-b (base 14) to base 8
-13
-10100 (base 3) to base 10
-90
20a (base 13) to base 14
1ac
Convert -2 (base 16) to base 10.
-2
What is 11 (base 2) in base 11?
3
-252 (base 10) to base 11
-20a
1011 (base 2) to base 9
12
What is 1 (base 15) in base 2?
1
Convert 0 (base 7) to base 12.
0
26 (base 13) to base 10
32
-2 (base 3) to base 14
-2
-13 (base 11) to base 14
-10
5 (base 13) to base 3
12
What is -56 (base 13) in base 2?
-1000111
Convert dd (base 14) to base 8.
303
Convert 0 (base 4) to base 11.
0
10 (base 15) to base 4
33
-1100011 (base 2) to base 6
-243
120 (base 8) to base 14
5a
What is -3 (base 11) in base 2?
-11
What is -310 (base 6) in base 11?
-a4
What is 88 (base 10) in base 2?
1011000
Convert 29 (base 16) to base 4.
221
0 (base 16) to base 13
0
What is -10010 (base 2) in base 16?
-12
What is -22 (base 15) in base 7?
-44
Convert -2d (base 16) to base 12.
-39
40 (base 7) to base 10
28
What is -1100000 (base 2) in base 8?
-140
-33 (base 11) to base 6
-100
Convert -1 (base 4) to base 14.
-1
What is 4 (base 11) in base 2?
100
Convert 112 (base 5) to base 9.
35
What is -27 (base 9) in base 14?
-1b
-7 (base 11) to base 2
-111
Convert 2 (base 12) to base 16.
2
Convert -25 (base 15) to base 16.
-23
What is 81 (base 9) in base 8?
111
What is 1410 (base 5) in base 6?
1022
What is 10100 (base 3) in base 5?
330
40 (base 13) to base 14
3a
What is -49 (base 11) in base 10?
-53
-3 (base 12) to base 10
-3
Convert -22 (base 3) to base 4.
-20
What is -111001 (base 2) in base 10?
-57
-16 (base 14) to base 10
-20
Convert 1010 (base 2) to base 4.
22
What is 111 (base 7) in base 14?
41
-12012 (base 3) to base 5
-1030
Convert 3a (base 13) to base 9.
54
What is 1 (base 15) in base 5?
1
What is -1110 (base 2) in base 14?
-10
Convert 212 (base 6) to base 7.
143
Convert 3 (base 7) to base 15.